is divided by 1133.
1132
What is the remainder when 26795130 is divided by 73?
42
Calculate the remainder when 4221836 is divided by 1407274.
14
What is the remainder when 9436366 is divided by 168?
142
Calculate the remainder when 2835852 is divided by 135037.
75
What is the remainder when 126633985 is divided by 5?
0
Calculate the remainder when 258651 is divided by 128464.
1723
Calculate the remainder when 114882 is divided by 894.
450
What is the remainder when 50178714 is divided by 16726222?
48
Calculate the remainder when 179616 is divided by 19800.
1416
What is the remainder when 494479 is divided by 21485?
324
What is the remainder when 4617879 is divided by 37543?
90
Calculate the remainder when 4359500 is divided by 2179738.
24
Calculate the remainder when 5497201 is divided by 1832387.
40
What is the remainder when 1305219 is divided by 217536?
3
Calculate the remainder when 488189 is divided by 1345.
1299
Calculate the remainder when 1870117 is divided by 83.
44
Calculate the remainder when 2361546 is divided by 644.
642
Calculate the remainder when 66574398 is divided by 400.
398
What is the remainder when 356079 is divided by 10?
9
Calculate the remainder when 2571592 is divided by 2571582.
10
Calculate the remainder when 24824537 is divided by 1387.
11
What is the remainder when 822242066 is divided by 1898?
1894
Calculate the remainder when 1111684 is divided by 1459.
1385
Calculate the remainder when 47857046 is divided by 395.
31
What is the remainder when 482355 is divided by 19291?
80
Calculate the remainder when 149682 is divided by 11759.
8574
What is the remainder when 12151272 is divided by 228?
12
Calculate the remainder when 106529 is divided by 8850.
329
What is the remainder when 36247391 is divided by 96?
95
What is the remainder when 29175 is divided by 2570?
905
What is the remainder when 175951 is divided by 1356?
1027
Calculate the remainder when 161570 is divided by 40312.
322
Calculate the remainder when 1314837 is divided by 10353.
6
What is the remainder when 2264410 is divided by 164?
62
Calculate the remainder when 389114 is divided by 193928.
1258
Calculate the remainder when 143127 is divided by 4608.
279
What is the remainder when 237434 is divided by 4766?
3900
Calculate the remainder when 2474097 is divided by 26320.
17
Calculate the remainder when 117930972 is divided by 3.
0
What is the remainder when 183734666 is divided by 15?
11
What is the remainder when 104527 is divided by 9139?
3998
Calculate the remainder when 70559 is divided by 1775.
1334
What is the remainder when 34569091 is divided by 31?
30
What is the remainder when 6553463 is divided by 298?
145
What is the remainder when 296153 is divided by 3859?
2869
Calculate the remainder when 84055803 is divided by 92369.
13
What is the remainder when 1970481 is divided by 24013?
1415
Calculate the remainder when 434809 is divided by 5721.
13
What is the remainder when 82156 is divided by 95?
76
What is the remainder when 35307835 is divided by 15?
10
Calculate the remainder when 8901755 is divided by 164.
163
What is the remainder when 725179 is divided by 23708?
13939
Calculate the remainder when 2306321 is divided by 273.
17
What is the remainder when 4818 is divided by 9?
3
What is the remainder when 1022430197 is divided by 25?
22
What is the remainder when 16832217 is divided by 1870245?
12
What is the remainder when 175070222 is divided by 2219?
2217
What is the remainder when 84248014 is divided by 696?
694
What is the remainder when 154931 is divided by 154930?
1
Calculate the remainder when 152036 is divided by 2491.
85
Calculate the remainder when 147703904 is divided by 243.
242
Calculate the remainder when 396465 is divided by 28302.
237
What is the remainder when 671177 is divided by 302?
133
What is the remainder when 767543 is divided by 383751?
41
Calculate the remainder when 132125 is divided by 4400.
125
What is the remainder when 124545 is divided by 20645?
675
What is the remainder when 13554148 is divided by 35857?
202
Calculate the remainder when 506761 is divided by 1877.
1848
What is the remainder when 106836 is divided by 803?
37
Calculate the remainder when 1131267248 is divided by 4310.
4308
Calculate the remainder when 4506468 is divided by 4280.
3908
Calculate the remainder when 43071181 is divided by 527.
525
What is the remainder when 980702 is divided by 175?
2
Calculate the remainder when 160897227 is divided by 32179444.
7
What is the remainder when 9240583 is divided by 5?
3
Calculate the remainder when 52296 is divided by 7336.
944
Calculate the remainder when 17250036 is divided by 1219.
1186
Calculate the remainder when 25326801 is divided by 41.
35
What is the remainder when 112555 is divided by 11240?
155
Calculate the remainder when 38402621 is divided by 1238794.
7
Calculate the remainder when 9245 is divided by 2793.
866
What is the remainder when 147696 is divided by 2144?
1904
Calculate the remainder when 101870 is divided by 1030.
930
Calculate the remainder when 3867307 is divided by 1735.
1727
What is the remainder when 919086 is divided by 1086?
330
What is the remainder when 79321 is divided by 1759?
166
What is the remainder when 2247790 is divided by 19377?
58
Calculate the remainder when 255156298 is divided by 101.
99
What is the remainder when 5119314 is divided by 5601?
0
Calculate the remainder when 1202789 is divided by 1552.
1541
What is the remainder when 437206448 is divided by 16?
0
What is the remainder when 1292109 is divided by 14356?
69
Calculate the remainder when 672597949 is divided by 21.
16
What is the remainder when 52920100 is divided by 3?
1
Calculate the remainder when 34543948 is divided by 105.
103
What is the remainder when 14981 is divided by 14891?
90
What is the remainder when 50669739 is divided by 7238533?
8
Calculate the remainder when 118500489 is divided by 148.
145
What is the remainder when 3089204 is divided by 1371?
341
Calculate the remainder when 76536 is divided by 550.
86
Calculate the remainder when 8826904 is divided by 108974.
10
What is the remainder when 2152063 is divided by 12290?
1313
Calculate the remainder when 117741 is divided by 23458.
451
Calculate the remainder when 57128073 is divided by 25.
23
Calculate the remainder when 6914596 is divided by 281.
29
Calculate the remainder when 1151360 is divided by 1268.
16
What is the remainder when 155394 is divided by 24835?
6384
Calculate the remainder when 1098260 is divided by 23367.
11
What is the remainder when 472686 is divided by 23569?
1306
What is the remainder when 32255298 is divided by 590?
588
What is the remainder when 10144548 is divided by 233?
194
What is the remainder when 628939 is divided by 36959?
636
What is the remainder when 4098627 is divided by 520?
507
What is the remainder when 56246127 is divided by 11249220?
27
Calculate the remainder when 64279 is divided by 21195.
694
Calculate the remainder when 279467793 is divided by 34933473.
9
Calculate the remainder when 36850470 is divided by 5284.
5138
What is the remainder when 189946692 is divided by 1393?
1391
Calculate the remainder when 227241 is divided by 75586.
483
What is the remainder when 17306611 is divided by 2363?
2362
Calculate the remainder when 1219282 is divided by 406390.
112
Calculate the remainder when 6132 is divided by 3004.
124
What is the remainder when 273983 is divided by 91298?
89
Calculate the remainder when 252567 is divided by 3321.
171
Calculate the remainder when 1242506 is divided by 7.
6
Calculate the remainder when 69937 is divided by 23292.
61
Calculate the remainder when 68586235 is divided by 50.
35
What is the remainder when 431431 is divided by 595?
56
What is the remainder when 2422887 is divided by 2422771?
116
Calculate the remainder when 1870837 is divided by 5635.
17
What is the remainder when 1469658 is divided by 1480?
18
What is the remainder when 49231 is divided by 244?
187
Calculate the remainder when 8816043 is divided by 8816017.
26
Calculate the remainder when 2258660 is divided by 9820.
60
Calculate the remainder when 39897 is divided by 1112.
977
What is the remainder when 2727844 is divided by 100?
44
Calculate the remainder when 2027175 is divided by 2422.
2